mmon divisor of j and 52.
26
Suppose -514 = -3*h - 4*y - 92, -y - 274 = -2*h. Calculate the highest common factor of 69 and h.
69
Suppose -a + w + 44 + 0 = 0, -a = -3*w - 48. Suppose a = 3*q + p, -3*q - 2*q + 70 = p. What is the highest common factor of 28 and q?
14
Suppose 54 = 2*o + k, 3*o - 15 - 65 = -k. Suppose 8 = -r + o. Suppose 0*c - c - 3*n + 18 = 0, 0 = c + 5*n - r. What is the greatest common factor of 54 and c?
18
Suppose 0 = 8*k + 2 - 10. Let d = 49 + k. Calculate the greatest common divisor of d and 125.
25
Let l = 36 - 60. Let d = 42 + l. Let o be (-120)/(-20)*(10 + -2 - 2). Calculate the greatest common divisor of o and d.
18
Let a be 27/((-1)/(-6)*2). Suppose 3*y = 3*o - y + 11, 2*o - 11 = -y. Let s be 27/o + (5 - 5). What is the greatest common divisor of a and s?
9
Let k = 3032 - 1727. Let c = k - 765. Suppose -4*d + 0*d = -c. What is the highest common factor of 15 and d?
15
Let w be (135/54)/(2/16). What is the highest common factor of w and 30?
10
Suppose 4*t = 0, 0*b + 5*b + 4*t - 315 = 245. Let x = -16 + 30. What is the greatest common divisor of b and x?
14
Suppose 5*w - 25 = 0, 2*i + 4 = -w + 23. Suppose -102 = c - i*c. What is the highest common factor of c and 85?
17
Let t(l) = -l**2 + 30*l - 5. Let r be t(9). Let k = -96 + r. What is the greatest common factor of 22 and k?
22
Suppose -5*u + 542 = -2*w, 118 = u - w + 3*w. What is the greatest common factor of 165 and u?
55
Let x(g) = g + 279. Suppose q + 3*q + q = 0. Let t be x(q). What is the greatest common divisor of t and 31?
31
Let h(q) = q**2 + q - 20. Let k be h(10). Calculate the highest common factor of 45 and k.
45
Let t = -42 + 82. Let f be -2*(34/(-4) + -2). Let q = f + -11. Calculate the greatest common factor of t and q.
10
Suppose 9*s + 1824 = 1887. Calculate the greatest common factor of 119 and s.
7
Let i be (3 - 1)*66/(-6). Let v = i - -154. Calculate the highest common divisor of v and 12.
12
Suppose 7 = 3*t + 13. Let g be (t*3)/3 + 15. Suppose 2*f - 75 = 185. Calculate the highest common divisor of g and f.
13
Let f(r) = 2 - 7*r - 2*r + 0 + 9 + 2*r**2. Let j be f(5). What is the highest common factor of j and 176?
16
Suppose -6*z + z = 2*z. Suppose -6*b = -z*b - 30. Let x be 2/1 - 0 - -3. What is the highest common factor of b and x?
5
Let a(k) be the second derivative of k**4/4 - k**3 + 7*k**2/2 - 6*k. Let l be a(3). Calculate the greatest common divisor of l and 48.
16
Let d = 584 - 552. What is the highest common divisor of 128 and d?
32
Suppose 4*l + 22 = 4*j - 30, 0 = -j - 5*l + 25. Suppose 4*q = j + 9. What is the greatest common divisor of 2 and q?
2
Let w be (0 - 4/24) + (-125)/(-30). What is the highest common factor of 4 and w?
4
Let l = 434 - 397. Calculate the greatest common divisor of 3 and l.
1
Suppose 5*j + 0*m - 4*m + 257 = 0, 0 = -2*m - 4. Let v = j + 133. Suppose -b - 2 + 18 = 0. Calculate the greatest common factor of v and b.
16
Suppose -2*t + 474 = 4*n, t = -24*n + 20*n + 227. Calculate the greatest common divisor of t and 65.
13
Let u be -7 + (2 - -3 - 1). Let t be (u - -87)/(-4) + 2. Let h = 17 - t. What is the greatest common factor of 18 and h?
18
Let p(z) = -z**3 - 4*z**2 - 4*z - 3. Let y = 5 + -8. Let v be p(y). Suppose v = -4*u + 55 + 5. What is the highest common divisor of u and 6?
3
Suppose -2*n + 400 = 2*n. Suppose -y + 5*y - 76 = 4*s, -3*y + 58 = -2*s. What is the highest common factor of y and n?
20
Let n be (12328/201)/(4/6). Calculate the highest common factor of 69 and n.
23
Suppose 35 = 14*r - 9*r. Calculate the greatest common factor of 7 and r.
7
Let z = 60 - 55. Suppose -z*u = 3*a - 660, -4*u + 3*a = -2*u - 285. What is the highest common factor of u and 54?
27
Let n(p) = -4*p**3 - p**2 - 6*p - 8. Let x be n(-2). Suppose 3*j = 12 - 0. What is the greatest common divisor of j and x?
4
Let u = -234 - -239. What is the greatest common divisor of u and 1215?
5
Let i(w) = w**2 - 9*w - 27. Let g be i(9). Let n = g + 37. What is the highest common divisor of 10 and n?
10
Let g(p) be the third derivative of p**4/6 - p**3 - 7*p**2. Let u be g(6). Calculate the highest common divisor of 54 and u.
18
Let o(a) = -14*a + 15. Let f(j) = 13*j - 16. Let q(w) = -4*f(w) - 5*o(w). Let m be q(2). Calculate the highest common divisor of m and 75.
25
Let z = -34 + 28. Let f be -2*2 + (z - -20). Calculate the greatest common factor of f and 10.
10
Suppose -2*v = -5*c + 77, 3*c - 3*v = -2*c + 78. Suppose -30 = -c*w + 12*w. What is the highest common factor of w and 10?
10
Let s(p) = p**2 + 10*p + 13. Let n(a) = a**3 + 2*a**2 + 4*a - 1. Let g be n(-2). Let h be s(g). What is the greatest common factor of 32 and h?
4
Suppose 0 = 5*m - 4*o - 0*o - 60, m - 26 = -2*o. Suppose -c + m + 9 = 0. What is the greatest common factor of c and 5?
5
Suppose 4*u + 3*j = 8*u - 60, -74 = -5*u + 4*j. Let v(w) = -w**3 - w**2 + 3*w. Let y be v(-6). Calculate the greatest common factor of y and u.
18
Let h = 36 - 109. Let d = h - -87. What is the highest common factor of 2 and d?
2
Suppose 6*m - 5*g = m + 50, 0 = 3*m - 2*g - 26. What is the greatest common divisor of m and 40?
2
Let i(g) = -1 + 115*g - 117*g + 2 + 15*g**2. Let x be i(1). Calculate the highest common divisor of 182 and x.
14
Let t be 3/(-9)*(0 + 3). Let c be -16 + t/(-2)*4. Let m = c + 18. What is the highest common factor of 32 and m?
4
Suppose 0 = 4*m - u - 1510, -3*u - 381 = -m - u. Calculate the highest common factor of m and 29.
29
Let l = -1271 + 1515. Calculate the greatest common divisor of l and 61.
61
Let l(p) = p**3 - 29*p**2 + 28*p + 15. Let g be l(28). Let h be 41 + 0 - (g/(-5) + -1). Calculate the greatest common factor of 60 and h.
15
Let x(c) = -c + 15. Let q be x(6). Let y = q - -5. What is the greatest common factor of 28 and y?
14
Suppose 5*i - i = 48. Suppose -i = -4*s + s. What is the highest common divisor of 10 and s?
2
Let g(u) be the third derivative of u**6/120 + 2*u**5/5 + 11*u**4/12 - 7*u**3/3 - 17*u**2. Let c be g(-23). What is the greatest common factor of 12 and c?
3
Let c = 186 - 176. What is the highest common divisor of 20 and c?
10
Suppose -74 = 2*z - 4*f, -2*f + 119 - 43 = -2*z. Let y be 13/z - 7/(-3). Suppose 6*i - y*i = 60. Calculate the greatest common factor of 3 and i.
3
Let n be 4*14 + -6 + 2. Let a be (22/(-8))/(13/n). Let h = -4 - a. Calculate the highest common factor of h and 77.
7
Let v be 28/24 - (-3)/(-18) - -11. Suppose 4*h = -32 - 32. Let m be (-18)/(-8)*h/(-3). What is the greatest common divisor of v and m?
12
Suppose -a = -4*g - 38, 3*g + 0*g + 126 = 4*a. Let v = -18 + a. Calculate the highest common factor of 24 and v.
12
Let d be 1190 + 68/18 + (-8)/(-36). Calculate the greatest common factor of 6 and d.
6
Let d be (-35)/(-14)*6/5. Suppose 0 = d*g - 65 + 14. Calculate the greatest common divisor of g and 187.
17
Let h = -15 + 23. Let n = 31 + 1. Suppose 4*s - h = n. Calculate the greatest common factor of s and 90.
10
Let u(i) = -i**2 + 19*i + 18. Let r be u(11). Calculate the greatest common divisor of r and 371.
53
Let z be 6/(-4)*(-80)/15*2. What is the highest common divisor of z and 1?
1
Suppose -3*o + 1549 = -r - 256, 1 = r. What is the greatest common divisor of 430 and o?
86
Let q be (-448)/(-44) + (-12)/66. Let n = 5 + -1. What is the highest common divisor of n and q?
2
Suppose 0 - 4 = 2*t, 0 = -4*k - 5*t + 34. What is the greatest common divisor of 88 and k?
11
Let x be 2/(-7) + (-1440)/(-140). Suppose 5*v - 9*v = -120. Calculate the greatest common factor of v and x.
10
Let a be (-1)/(((-12)/(-465))/(-4)). Let b be ((-31)/4)/((-16)/64). Calculate the highest common factor of b and a.
31
Let g(n) = -n**2 + 13*n - 12. Let y be g(11). Let u = 46 - y. What is the highest common factor of u and 4?
4
Suppose -2*u + u = 0. Let f(h) be the second derivative of h**3/6 + 7*h**2/2 + 9*h. Let t be f(u). Calculate the greatest common factor of t and 63.
7
Let u be (-15)/((3 - 2)*(-18)/306). What is the highest common divisor of 51 and u?
51
Let t be 296/60*3 - 2/(-10). Let q be -1 - (t - 0)/(-1). Suppose -15 = -x + 83. Calculate the greatest common divisor of q and x.
14
Suppose b + 4 = -3*s, b - 3*s + s - 6 = 0. Suppose 285 = b*l - f - 4*f, l - 3*f = 141. Calculate the greatest common divisor of 60 and l.
30
Suppose -24*z + 2